t of 16487?
1
What is the hundreds digit of 1465?
4
What is the tens digit of 11163?
6
What is the thousands digit of 17982?
7
What is the thousands digit of 2616?
2
What is the thousands digit of 1952?
1
What is the tens digit of 24722?
2
What is the thousands digit of 15581?
5
What is the tens digit of 845?
4
What is the hundreds digit of 62413?
4
What is the thousands digit of 8593?
8
What is the tens digit of 381?
8
What is the hundreds digit of 83035?
0
What is the units digit of 7577?
7
What is the tens digit of 4413?
1
What is the thousands digit of 7046?
7
What is the tens digit of 37684?
8
What is the hundreds digit of 8287?
2
What is the tens digit of 52?
5
What is the thousands digit of 1685?
1
What is the tens digit of 848?
4
What is the ten thousands digit of 27056?
2
What is the tens digit of 187?
8
What is the tens digit of 4072?
7
What is the hundreds digit of 8790?
7
What is the units digit of 7006?
6
What is the tens digit of 21754?
5
What is the hundred thousands digit of 140888?
1
What is the ten thousands digit of 32684?
3
What is the units digit of 104412?
2
What is the units digit of 3425?
5
What is the hundreds digit of 37358?
3
What is the hundreds digit of 933?
9
What is the units digit of 56992?
2
What is the hundreds digit of 50473?
4
What is the hundreds digit of 1532?
5
What is the units digit of 72320?
0
What is the ten thousands digit of 18655?
1
What is the thousands digit of 24390?
4
What is the hundreds digit of 554?
5
What is the units digit of 942?
2
What is the hundreds digit of 14900?
9
What is the hundreds digit of 7834?
8
What is the tens digit of 100800?
0
What is the hundreds digit of 579?
5
What is the tens digit of 4726?
2
What is the hundreds digit of 8224?
2
What is the units digit of 2609?
9
What is the tens digit of 119829?
2
What is the thousands digit of 8088?
8
What is the thousands digit of 55364?
5
What is the units digit of 3760?
0
What is the hundreds digit of 8672?
6
What is the hundreds digit of 2467?
4
What is the thousands digit of 15809?
5
What is the thousands digit of 1393?
1
What is the tens digit of 14239?
3
What is the tens digit of 943?
4
What is the units digit of 48891?
1
What is the units digit of 4984?
4
What is the units digit of 2950?
0
What is the hundreds digit of 47261?
2
What is the tens digit of 98616?
1
What is the hundreds digit of 34491?
4
What is the units digit of 4728?
8
What is the tens digit of 1346?
4
What is the tens digit of 1769?
6
What is the units digit of 144?
4
What is the units digit of 1372?
2
What is the units digit of 7317?
7
What is the tens digit of 197?
9
What is the hundreds digit of 788?
7
What is the hundreds digit of 4195?
1
What is the units digit of 2133?
3
What is the tens digit of 8808?
0
What is the hundreds digit of 1927?
9
What is the tens digit of 12554?
5
What is the thousands digit of 4108?
4
What is the hundreds digit of 65186?
1
What is the tens digit of 39798?
9
What is the units digit of 21003?
3
What is the thousands digit of 7425?
7
What is the hundreds digit of 6657?
6
What is the units digit of 15050?
0
What is the ten thousands digit of 32663?
3
What is the thousands digit of 34763?
4
What is the tens digit of 2463?
6
What is the units digit of 83640?
0
What is the units digit of 8745?
5
What is the ten thousands digit of 16796?
1
What is the tens digit of 1855?
5
What is the tens digit of 6658?
5
What is the hundreds digit of 3790?
7
What is the units digit of 3805?
5
What is the thousands digit of 47234?
7
What is the hundreds digit of 1101?
1
What is the tens digit of 1113?
1
What is the units digit of 5146?
6
What is the hundreds digit of 302?
3
What is the units digit of 147550?
0
What is the tens digit of 108808?
0
What is the units digit of 8193?
3
What is the units digit of 1090?
0
What is the tens digit of 1449?
4
What is the tens digit of 15312?
1
What is the units digit of 3271?
1
What is the hundreds digit of 4248?
2
What is the hundreds digit of 234?
2
What is the tens digit of 966?
6
What is the tens digit of 66?
6
What is the tens digit of 9382?
8
What is the thousands digit of 2854?
2
What is the tens digit of 615?
1
What is the units digit of 35138?
8
What is the units digit of 1548?
8
What is the hundreds digit of 2831?
8
What is the ten thousands digit of 14670?
1
What is the thousands digit of 1293?
1
What is the units digit of 4971?
1
What is the tens digit of 9031?
3
What is the tens digit of 4812?
1
What is the thousands digit of 35886?
5
What is the thousands digit of 5033?
5
What is the hundreds digit of 470?
4
What is the units digit of 3536?
6
What is the hundreds digit of 790?
7
What is the tens digit of 63?
6
What is the tens digit of 433?
3
What is the units digit of 140556?
6
What is the hundreds digit of 9755?
7
What is the tens digit of 31?
3
What is the thousands digit of 30153?
0
What is the tens digit of 1807?
0
What is the units digit of 1112?
2
What is the units digit of 18386?
6
What is the thousands digit of 5751?
5
What is the units digit of 2033?
3
What is the thousands digit of 4283?
4
What is the tens digit of 19709?
0
What is the ten thousands digit of 48217?
4
What is the ten thousands digit of 13891?
1
What is the tens digit of 1378?
7
What is the units digit of 1231?
1
What is the thousands digit of 2620?
2
What is the units digit of 13617?
7
What is the hundreds digit of 107?
1
What is the thousands digit of 4276?
4
What is the ten thousands digit of 51039?
5
What is the tens digit of 1344?
4
What is the hundreds digit of 1869?
8
What is the hundreds digit of 797?
7
What is the thousands digit of 18918?
8
What is the thousands digit of 24331?
4
What is the tens digit of 3071?
7
What is the units digit of 57778?
8
What is the units digit of 32359?
9
What is the hundreds digit of 1084?
0
What is the thousands digit of 3137?
3
What is the hundreds digit of 328?
3
What is the hundred thousands digit of 181607?
1
What is the units digit of 895?
5
What is the thousands digit of 8141?
8
What is the hundreds digit of 1898?
8
What is the ten thousands digit of 52069?
5
What is the tens digit of 12038?
3
What is the tens digit of 9467?
6
What is the tens digit of 1125?
2
What is the tens digit of 2201?
0
What is the tens digit of 2990?
9
What is the hundreds digit of 21585?
5
What is the tens digit of 24845?
4
What is the units digit of 21495?
5
What is the thousands digit of 16122?
6
What is the tens digit of 850?
5
What is the hundred thousands digit of 112907?
1
What is the thousands digit of 9759?
9
What is the thousands digit of 18154?
8
What is the thousands digit of 11238?
1
What is the tens digit of 1637?
3
What is the thousands digit of 1913?
1
What is the hundreds digit of 26915?
9
What is the tens digit of 8529?
2
What is the thousands digit of 9888?
9
What is the hundreds digit of 4692?
6
What is the thousands digit of 2049?
2
What is the tens digit of 240?
4
What is the tens digit of 830?
3
What is the thousands digit of 15312?
5
What is the thousands digit of 14569?
4
What is the hundreds digit of 5311?
3
What is the ten thousands digit of 111879?
1
What is the tens digit of 18169?
6
What is the units digit of 2732?
2
What is the thousands digit of 2768?
2
What is the thousands digit of 21315?
1
What is the tens digit of 4730?
3
What is the hundreds digit of 1805?
8
What is the units digit of 2127?
7
What is the tens digit of 87679?
7
What is the hundreds digit of 697?
6
What is the tens digit of 39006?
0
What is the hundreds digit of 14422?
4
What is the tens digit of 416?
1
What is the tens digit of 284?
8
What is the tens digit of 43320?
2
What is the ten thousands digit of 21978?
2
What is the hundreds digit of 1870?
8
What is the hundreds digit of 485?
4
What is the ten thousands digit of 187986?
8
What is the hundreds digit of 2908?
9
What is the tens digit of 811?
1
What is the units digit of 1049?
9
What is the units digit of 10347?
7
What is the hundreds digit of 1529?
5
What is the thousands digit of 75298?
5
What is the hundreds digit of 231?
2
What is the tens digit of 7671?
7
What is the units digit of 2735?
5
What is the ten thousands digit of 17756?
1
What is the units digit of 1764?
4
What is the hundreds digit of 73106?
1
What is the thousands digi